 -y**3 - 2*y**2 + 2*y + 2. Let l be s(z). Suppose 0 = -l*d + 3*d - 6, 2*d + 3 = -v. List the prime factors of v.
3
Let p = -20 + 46. List the prime factors of (-14)/35 + 49/10*p.
127
Suppose -7*w + 11*w = 8. Suppose -4*q - 4*x - 8 = 0, 10 = q + w*q - 5*x. Suppose q = 4*u + u - 15. List the prime factors of u.
3
Let p be (15/(-6))/(1/2). Let b(x) = x**2 - 4*x + 1. What are the prime factors of b(p)?
2, 23
Let n be (-8)/3*(-18)/12. Suppose -3*x + 2 + 13 = -3*g, 15 = -n*g + 5*x. List the prime factors of (-4)/20 - 102/g.
2, 5
Let c(k) = -13*k - 53. Let m be (-1)/((-6)/(-104))*(-21)/(-14). What are the prime factors of c(m)?
3, 5, 19
Suppose 4*q - 2875 = 2*q + 3*f, 0 = 3*q - 5*f - 4312. List the prime factors of q.
1439
Suppose -3*s + 7 = -5*x + 21, -5*x = 5*s - 30. Let a(f) = 4*f + 13. What are the prime factors of a(x)?
29
Let h = 7 - 11. Let l be (-28)/((1/h)/1). Suppose l = 6*x - 2*x. List the prime factors of x.
2, 7
Let c(n) = n**3 + 12*n**2 - 12. Let x be c(-12). List the prime factors of x*(-4 + (-8)/(-12)).
2, 5
Suppose -93*z + 101*z - 37624 = 0. What are the prime factors of z?
4703
Let a be ((-447)/(-6))/((-3)/(-30)). Suppose a = 9*o + 187. List the prime factors of o.
2, 31
Suppose -l - 4*f = -26, 4*l + 5*f - 82 = -0*l. Let m = l - 15. Suppose 5*u + 10 = m*u, -3*u = t - 17. List the prime factors of t.
2
Let s = 61 + -53. Suppose 3*j = y - 0*y + 4, -5*j = -y - s. List the prime factors of y.
2
Let z(p) = -262*p**3 + 1. Let m be z(-1). Suppose c + 3*r = 3*c - 98, 5*c - 3*r = m. What are the prime factors of c?
5, 11
Let b be ((-2)/2)/(2/4). Let f be b/((0 + -1)/(-2)). What are the prime factors of (f/(-6))/((-10)/(-45))?
3
Let j = 1020 + -374. What are the prime factors of j?
2, 17, 19
List the prime factors of (-6)/(-1) + (-249)/(-3).
89
Let h(c) = c**2 + 9*c. Let v = 53 - 69. List the prime factors of h(v).
2, 7
Let w be 24/((0 - 0) + 2). Let r be (w/10)/(2/40). Let y = 39 - r. List the prime factors of y.
3, 5
Let j(z) = z**3 + 21*z**2 - 16*z - 8. Let l be j(-22). Let h = l + 331. List the prime factors of h.
191
Let g be (-8)/(-1*(-3)/(-9)). Suppose 119 = 5*p + g. What are the prime factors of p?
19
Let a = -25 + 29. Suppose 3*f - 2*o - 70 = -2*f, a*f = 4*o + 68. What are the prime factors of f?
2, 3
Suppose -a = 4*q - 2*q - 627, q + 1249 = 2*a. Let b = a + -384. What are the prime factors of b?
241
What are the prime factors of (-6 + (-522)/(-8))*(-8)/(-3)?
2, 79
Suppose 3*x + 5*r = 25, 6*x = 2*x + 2*r + 16. Suppose 2*l + 4*w + 14 = 0, 2*l + 5*w + 23 = x. Let o = l + 12. What are the prime factors of o?
13
Let l(v) = 3*v + 32. Let j be l(-9). Suppose j*q + 280 = 13*q. List the prime factors of q.
5, 7
Let p(k) = -4*k + 20. Let y be p(-6). Suppose 0 = r - 20 - y. List the prime factors of r.
2
List the prime factors of 469 + (9 - (-130)/(-10)).
3, 5, 31
Suppose 4*z = -5*i + 3*i + 1790, 2*i = 2*z + 1784. What are the prime factors of i?
19, 47
Let t = 567 - 177. List the prime factors of t.
2, 3, 5, 13
Let u be 240/(-45)*(-3)/4. Suppose u*l - 28 - 43 = 5*g, -13 = -2*l - 5*g. What are the prime factors of l?
2, 7
Let q(t) = 14*t**2 - 2*t + 9. Let o be q(3). Let y = 203 - o. List the prime factors of y.
2, 37
Let x(t) be the first derivative of t**2/2 + 7*t + 6. Let d be x(-3). Suppose d*p = 4*m - 36, -2*p = -4*m - 0*p + 44. What are the prime factors of m?
13
Let d(o) = -o**3 - o + 30. What are the prime factors of d(-10)?
2, 5, 13
Suppose 5*g - 32 = 23. Let l = g + -11. Suppose -p = 5*z + 4*p - 215, -5*p - 10 = l. What are the prime factors of z?
3, 5
List the prime factors of (-170)/(-34) + (2382 - 3/3).
2, 1193
Suppose -2*n + 20 = 5*a, -a + 0*a + 4 = 2*n. Suppose 2*b - 5 = 1, -a*b + 57 = 5*f. What are the prime factors of f?
3
Let y = -27 + 30. Suppose -70 = -r - 5*s, 2*s - y*s = -2*r + 184. Suppose 2*d - r = -d. What are the prime factors of d?
2, 3, 5
Let k = -1537 + 5629. What are the prime factors of k?
2, 3, 11, 31
Let z = 59 - -14. Suppose -2*x + 288 = -u + 5*u, -z = -u - x. What are the prime factors of u?
71
Let u = -9 - -9. Let s = 2 - u. Suppose -3*j = -4*j + s*k, 3*j = 4*k + 4. List the prime factors of j.
2
Let z(s) = s**2 + 16*s + 30. Let x be z(-13). Let w = 37 - x. What are the prime factors of w?
2, 23
Let f(l) = -l**3 - 27*l**2 - 2*l - 43. Let j be f(-27). What are the prime factors of (36 - 1)/(44/j)*4?
5, 7
Let m(u) = 39*u**2 - 2*u - 4. What are the prime factors of m(-4)?
2, 157
List the prime factors of (-32112)/(2 - 8) - -6.
2, 3, 19, 47
List the prime factors of 508/3*81/54.
2, 127
Let i = -123 + 215. What are the prime factors of i?
2, 23
Let m(p) = p + 1. Let y(u) = u + 1. Let l(c) = 3*m(c) - 2*y(c). Let a = 296 + -294. List the prime factors of l(a).
3
Let s = 1827 + -432. List the prime factors of s.
3, 5, 31
Let k be (-1)/((-9)/12) - 78/18. Let w(i) = -46*i + 2. What are the prime factors of w(k)?
2, 5, 7
Suppose 0 = 3*k - 1577 - 388. List the prime factors of k.
5, 131
Suppose 5*u + 2*v - 7102 = 0, 5*u = -3*v + 4835 + 2263. What are the prime factors of u?
2, 3, 79
Let u(v) = 229*v**2 + 16*v + 36. What are the prime factors of u(-2)?
2, 5, 23
Let l be (-64 - 8/(-2)) + 0. Let g be (l/16)/5*-4. Suppose 2*o + g*z = 83, -3*z + 0 = -o + 55. What are the prime factors of o?
2, 23
Suppose 3569 = 3*u + 989. Suppose 0 = -7*h + 995 + u. What are the prime factors of h?
5, 53
Suppose -a + 32 = -5*a. What are the prime factors of a/28 + 401/7?
3, 19
Suppose -4*w + 7921 = 3*k + 1547, -k - w + 2124 = 0. List the prime factors of k.
2, 1061
Let a(n) = -31*n + 68. List the prime factors of a(-18).
2, 313
Let b be ((-32)/(-6))/4 - 20/(-12). Suppose 0 = u - 3, 0 = -b*n - 5*u + 2*u + 447. List the prime factors of n.
2, 73
Let f(k) = 9*k**2 - k. Let g(n) = -2*n**2 + 40*n - 1. Let a be g(20). What are the prime factors of f(a)?
2, 5
List the prime factors of (-36)/24*2766/(-9).
461
Let f(o) = -o**2 - 2*o + 16. Let d be f(0). Suppose 4*v = -6*w + 4*w + 60, 4*w = -d. What are the prime factors of v?
17
Let h = 88 - 39. Suppose -k = -58 - h. What are the prime factors of k?
107
Let l be (-3)/(-5) + 7 + (-282)/(-5). Let g = l - 25. What are the prime factors of g?
3, 13
Let g(u) = -223*u + 83. What are the prime factors of g(-15)?
2, 857
Let s(a) be the second derivative of 0*a**2 + 0 - 1/12*a**4 - 2*a + 7/3*a**3. What are the prime factors of s(13)?
13
Let q(a) = -a**2 - 3*a + 19. Let g be q(-6). List the prime factors of ((-14)/(-35))/(g/170).
2, 17
Let t = 2317 - 139. Suppose 892 + t = 10*a. List the prime factors of a.
307
Let n = 0 + 1. Let i(m) = -3*m - 22. Let q be i(-8). Let z = q + n. List the prime factors of z.
3
Suppose -5*k + i + 2416 = 0, 3*i = -5*k + 8*i + 2420. List the prime factors of k.
3, 7, 23
Let r(a) = -3*a + 3128. Let w be r(0). Let o be (-6)/(-10) + w/20. Suppose p - 5*p + o = -k, -k + 38 = p. List the prime factors of p.
3, 13
Let d(z) = -2*z - 4. Let p be d(-5). Let t be (7/(-3) - -2)/((-4)/24). What are the prime factors of 14 + t/(p/9)?
17
Let j = -13 - -16. Suppose -j*n = 2*k - 21, -2*n - 2 = -4*k - 0. Suppose -f - 16 = -2*w + w, n*f = w - 32. What are the prime factors of w?
2, 3
Let v = 80 + -18. Suppose -5*p = -3*h + v, 4*h + p = 57 + 64. List the prime factors of h.
29
Suppose 0 - 18 = -3*f. Let m be 6*-4 - f/2. Let x = 56 + m. List the prime factors of x.
29
Let w = 152 + -22. What are the prime factors of w?
2, 5, 13
What are the prime factors of 61625/68 - 9/(-12)?
907
Let b(g) = -3*g**3 + 14*g**2 + 15*g - 10. What are the prime factors of b(-6)?
2, 263
Suppose -4*x = -2434 + 366. List the prime factors of x.
11, 47
Suppose 12*o = 7*o - 15. Let q be -3 + 3 + (o - 3). List the prime factors of (-3)/2*q/1.
3
Suppose -245196 = -20*o - 29*o. What are the prime factors of o?
2, 3, 139
Let t(a) = a**2 + 35*a + 20. List the prime factors of t(12).
2, 73
Suppose -5*n + 1163 = 4*s, 1479 = 5*n + 5*s + 319. Suppose 7*w = 2*w + n. List the prime factors of w.
47
Let v = -82 - -156. Suppose -2*b - q + v = -5*q, 4*q - 7 = -b. Let n = b + -15. List the prime factors of n.
2, 3
Suppose -3*i + k = -12, 3*k - 24 = -i - 2*i. Suppose -25 = -i*j + 5. List the prime factors of 17 + j/(-9)*-3.
19
Suppose 5*s + 3*s - 1336 = 0. Suppose -9*n = -s - 283. List the prime factors of n.
2, 5
Let c(l) = l**3 + 4*l**2